{"id":373,"date":"2024-06-19T10:41:37","date_gmt":"2024-06-19T10:41:37","guid":{"rendered":"https:\/\/loebich-moebelhandwerk.de\/?page_id=373"},"modified":"2025-01-19T09:21:31","modified_gmt":"2025-01-19T09:21:31","slug":"schlafzimmer","status":"publish","type":"page","link":"https:\/\/loebich-moebelhandwerk.de\/index.php\/projekte\/schlafzimmer\/","title":{"rendered":"Schlafzimmer"},"content":{"rendered":"\n<div class=\"wp-block-group alignfull pattern_multiple_covers has-background has-global-padding is-layout-constrained wp-block-group-is-layout-constrained\" id=\"services\" style=\"background-color:#486e89\">\n<div style=\"height:0px\" aria-hidden=\"true\" class=\"wp-block-spacer\"><\/div>\n\n\n\n<h1 class=\"wp-block-heading has-text-align-center has-white-color has-text-color has-link-color has-large-font-size wp-elements-045ec60c7cd270146a0aaf3ce61a368a\"><\/h1>\n\n\n\n<div style=\"height:30px\" aria-hidden=\"true\" class=\"wp-block-spacer\"><\/div>\n\n\n\n<div style=\"height:0px\" aria-hidden=\"true\" class=\"wp-block-spacer\"><\/div>\n\n\n\n<div style=\"height:29px\" aria-hidden=\"true\" class=\"wp-block-spacer\"><\/div>\n\n\n\n<div class=\"wp-block-media-text is-stacked-on-mobile\" style=\"grid-template-columns:63% auto\"><figure class=\"wp-block-media-text__media\"><img loading=\"lazy\" decoding=\"async\" width=\"768\" height=\"1024\" src=\"https:\/\/loebich-moebelhandwerk.de\/wp-content\/uploads\/2024\/06\/IMG_7189-768x1024.jpg\" alt=\"\" class=\"wp-image-43 size-full\" srcset=\"https:\/\/loebich-moebelhandwerk.de\/wp-content\/uploads\/2024\/06\/IMG_7189-768x1024.jpg 768w, https:\/\/loebich-moebelhandwerk.de\/wp-content\/uploads\/2024\/06\/IMG_7189-225x300.jpg 225w, https:\/\/loebich-moebelhandwerk.de\/wp-content\/uploads\/2024\/06\/IMG_7189-2000x2667.jpg 2000w, https:\/\/loebich-moebelhandwerk.de\/wp-content\/uploads\/2024\/06\/IMG_7189-scaled.jpg 1920w\" sizes=\"auto, (max-width: 768px) 100vw, 768px\" \/><\/figure><div class=\"wp-block-media-text__content\">\n<p class=\"has-text-align-left has-white-color has-text-color has-link-color has-medium-font-size wp-elements-68f82c119c83666168b80bd1c690ebc9\"><a href=\"https:\/\/loebich-moebelhandwerk.de\/index.php\/bett-aus-nussbaum\/\">Bett aus Nussbaum<\/a> mit integriertem Nachtk\u00e4stchen. Die Schubladen haben eine Schwalbenschwanz-Eckverbindung und klassische Vollausz\u00fcge. Nachttischlampen sind ebenfalls integriert.<\/p>\n<\/div><\/div>\n\n\n\n<div class=\"wp-block-columns is-layout-flex wp-container-core-columns-is-layout-28f84493 wp-block-columns-is-layout-flex\">\n<div class=\"wp-block-column is-layout-flow wp-block-column-is-layout-flow\">\n<figure class=\"wp-block-image size-large\"><img loading=\"lazy\" decoding=\"async\" width=\"1024\" height=\"768\" src=\"https:\/\/loebich-moebelhandwerk.de\/wp-content\/uploads\/2024\/06\/IMG_7145-1024x768.jpg\" alt=\"\" class=\"wp-image-324\" srcset=\"https:\/\/loebich-moebelhandwerk.de\/wp-content\/uploads\/2024\/06\/IMG_7145-1024x768.jpg 1024w, https:\/\/loebich-moebelhandwerk.de\/wp-content\/uploads\/2024\/06\/IMG_7145-300x225.jpg 300w, https:\/\/loebich-moebelhandwerk.de\/wp-content\/uploads\/2024\/06\/IMG_7145-2000x1500.jpg 2000w\" sizes=\"auto, (max-width: 1024px) 100vw, 1024px\" \/><\/figure>\n<\/div>\n\n\n\n<div class=\"wp-block-column is-layout-flow wp-block-column-is-layout-flow\">\n<figure class=\"wp-block-image size-large\"><img loading=\"lazy\" decoding=\"async\" width=\"1024\" height=\"819\" src=\"https:\/\/loebich-moebelhandwerk.de\/wp-content\/uploads\/2024\/06\/IMG_7134_1-1024x819.jpg\" alt=\"\" class=\"wp-image-411\" srcset=\"https:\/\/loebich-moebelhandwerk.de\/wp-content\/uploads\/2024\/06\/IMG_7134_1-1024x819.jpg 1024w, https:\/\/loebich-moebelhandwerk.de\/wp-content\/uploads\/2024\/06\/IMG_7134_1-300x240.jpg 300w, https:\/\/loebich-moebelhandwerk.de\/wp-content\/uploads\/2024\/06\/IMG_7134_1-2000x1601.jpg 2000w\" sizes=\"auto, (max-width: 1024px) 100vw, 1024px\" \/><\/figure>\n<\/div>\n<\/div>\n\n\n\n<div style=\"height:41px\" aria-hidden=\"true\" class=\"wp-block-spacer\"><\/div>\n\n\n\n<div class=\"wp-block-media-text is-stacked-on-mobile\"><figure class=\"wp-block-media-text__media\"><img loading=\"lazy\" decoding=\"async\" width=\"818\" height=\"1024\" src=\"https:\/\/loebich-moebelhandwerk.de\/wp-content\/uploads\/2024\/06\/20231117_175751_Moment_1-818x1024.jpg\" alt=\"\" class=\"wp-image-412 size-full\" srcset=\"https:\/\/loebich-moebelhandwerk.de\/wp-content\/uploads\/2024\/06\/20231117_175751_Moment_1-818x1024.jpg 818w, https:\/\/loebich-moebelhandwerk.de\/wp-content\/uploads\/2024\/06\/20231117_175751_Moment_1-240x300.jpg 240w, https:\/\/loebich-moebelhandwerk.de\/wp-content\/uploads\/2024\/06\/20231117_175751_Moment_1.jpg 1079w\" sizes=\"auto, (max-width: 818px) 100vw, 818px\" \/><\/figure><div class=\"wp-block-media-text__content\">\n<p class=\"has-text-align-left has-white-color has-text-color has-link-color has-medium-font-size wp-elements-897f7503f6bef1573eb4e73fe7c98673\"><a href=\"https:\/\/loebich-moebelhandwerk.de\/index.php\/nachttische\/\">Nachtk\u00e4stchen<\/a> klassisch. <br>Die Eckverbindung ist mit Fingerzinken gestaltet, wie bei den Schubladen. Der Schubladenboden ist mit Linoleum belegt. Als Griffl\u00f6sung ist zwischen den zwei Schubladen eine Griffmulde.<\/p>\n<\/div><\/div>\n\n\n\n<div class=\"wp-block-columns is-layout-flex wp-container-core-columns-is-layout-28f84493 wp-block-columns-is-layout-flex\">\n<div class=\"wp-block-column is-layout-flow wp-block-column-is-layout-flow\">\n<figure class=\"wp-block-image size-large\"><img loading=\"lazy\" decoding=\"async\" width=\"1024\" height=\"819\" src=\"https:\/\/loebich-moebelhandwerk.de\/wp-content\/uploads\/2024\/06\/20231117_175844_1-1024x819.jpg\" alt=\"\" class=\"wp-image-413\" srcset=\"https:\/\/loebich-moebelhandwerk.de\/wp-content\/uploads\/2024\/06\/20231117_175844_1-1024x819.jpg 1024w, https:\/\/loebich-moebelhandwerk.de\/wp-content\/uploads\/2024\/06\/20231117_175844_1-300x240.jpg 300w, https:\/\/loebich-moebelhandwerk.de\/wp-content\/uploads\/2024\/06\/20231117_175844_1-2000x1600.jpg 2000w\" sizes=\"auto, (max-width: 1024px) 100vw, 1024px\" \/><\/figure>\n<\/div>\n\n\n\n<div class=\"wp-block-column is-layout-flow wp-block-column-is-layout-flow\">\n<figure class=\"wp-block-image size-large is-resized\"><img loading=\"lazy\" decoding=\"async\" width=\"819\" height=\"1024\" src=\"https:\/\/loebich-moebelhandwerk.de\/wp-content\/uploads\/2024\/06\/20231117_175908_1-819x1024.jpg\" alt=\"\" class=\"wp-image-415\" style=\"width:357px;height:auto\" srcset=\"https:\/\/loebich-moebelhandwerk.de\/wp-content\/uploads\/2024\/06\/20231117_175908_1-819x1024.jpg 819w, https:\/\/loebich-moebelhandwerk.de\/wp-content\/uploads\/2024\/06\/20231117_175908_1-240x300.jpg 240w, https:\/\/loebich-moebelhandwerk.de\/wp-content\/uploads\/2024\/06\/20231117_175908_1-2000x2499.jpg 2000w\" sizes=\"auto, (max-width: 819px) 100vw, 819px\" \/><\/figure>\n<\/div>\n<\/div>\n\n\n\n<div style=\"height:40px\" aria-hidden=\"true\" class=\"wp-block-spacer\"><\/div>\n\n\n\n<div class=\"wp-block-media-text is-stacked-on-mobile\"><figure class=\"wp-block-media-text__media\"><img loading=\"lazy\" decoding=\"async\" width=\"1024\" height=\"768\" src=\"https:\/\/loebich-moebelhandwerk.de\/wp-content\/uploads\/2024\/06\/IMG_8318-1024x768.jpg\" alt=\"\" class=\"wp-image-325 size-full\" srcset=\"https:\/\/loebich-moebelhandwerk.de\/wp-content\/uploads\/2024\/06\/IMG_8318-1024x768.jpg 1024w, https:\/\/loebich-moebelhandwerk.de\/wp-content\/uploads\/2024\/06\/IMG_8318-300x225.jpg 300w, https:\/\/loebich-moebelhandwerk.de\/wp-content\/uploads\/2024\/06\/IMG_8318-2000x1500.jpg 2000w\" sizes=\"auto, (max-width: 1024px) 100vw, 1024px\" \/><\/figure><div class=\"wp-block-media-text__content\">\n<p class=\"has-text-align-center has-white-color has-text-color has-link-color has-medium-font-size wp-elements-2aa259d7a8d874b226a6c02f38d244df\">Schlichte <a href=\"https:\/\/loebich-moebelhandwerk.de\/index.php\/nachttische\/\">Ablage<\/a> zum Einh\u00e4ngen<\/p>\n<\/div><\/div>\n<\/div>\n","protected":false},"excerpt":{"rendered":"<p>Bett aus Nussbaum mit integriertem Nachtk\u00e4stchen. Die Schubladen haben eine Schwalbenschwanz-Eckverbindung und klassische Vollausz\u00fcge. Nachttischlampen sind ebenfalls integriert. Nachtk\u00e4stchen klassisch. Die Eckverbindung ist mit Fingerzinken gestaltet, wie bei den Schubladen. Der Schubladenboden ist mit Linoleum belegt. Als Griffl\u00f6sung ist zwischen den zwei Schubladen eine Griffmulde. Schlichte Ablage zum Einh\u00e4ngen<\/p>\n","protected":false},"author":1,"featured_media":173,"parent":314,"menu_order":0,"comment_status":"closed","ping_status":"closed","template":"","meta":{"inspiro_hide_title":false,"footnotes":""},"class_list":["post-373","page","type-page","status-publish","has-post-thumbnail","hentry"],"_links":{"self":[{"href":"https:\/\/loebich-moebelhandwerk.de\/index.php\/wp-json\/wp\/v2\/pages\/373","targetHints":{"allow":["GET"]}}],"collection":[{"href":"https:\/\/loebich-moebelhandwerk.de\/index.php\/wp-json\/wp\/v2\/pages"}],"about":[{"href":"https:\/\/loebich-moebelhandwerk.de\/index.php\/wp-json\/wp\/v2\/types\/page"}],"author":[{"embeddable":true,"href":"https:\/\/loebich-moebelhandwerk.de\/index.php\/wp-json\/wp\/v2\/users\/1"}],"replies":[{"embeddable":true,"href":"https:\/\/loebich-moebelhandwerk.de\/index.php\/wp-json\/wp\/v2\/comments?post=373"}],"version-history":[{"count":7,"href":"https:\/\/loebich-moebelhandwerk.de\/index.php\/wp-json\/wp\/v2\/pages\/373\/revisions"}],"predecessor-version":[{"id":708,"href":"https:\/\/loebich-moebelhandwerk.de\/index.php\/wp-json\/wp\/v2\/pages\/373\/revisions\/708"}],"up":[{"embeddable":true,"href":"https:\/\/loebich-moebelhandwerk.de\/index.php\/wp-json\/wp\/v2\/pages\/314"}],"wp:featuredmedia":[{"embeddable":true,"href":"https:\/\/loebich-moebelhandwerk.de\/index.php\/wp-json\/wp\/v2\/media\/173"}],"wp:attachment":[{"href":"https:\/\/loebich-moebelhandwerk.de\/index.php\/wp-json\/wp\/v2\/media?parent=373"}],"curies":[{"name":"wp","href":"https:\/\/api.w.org\/{rel}","templated":true}]}}